rue
Is 2631 a prime number?
False
Is 769003 a prime number?
True
Is 25131 a composite number?
True
Is 18701 a prime number?
True
Is 93851 prime?
True
Is 31103 a prime number?
False
Is 12013 a prime number?
False
Is 26135 composite?
True
Is 29483 prime?
True
Is 1189 prime?
False
Is 20201 a prime number?
True
Is 22247 composite?
False
Is 20663 prime?
True
Is 46981 composite?
True
Is 1063097 a composite number?
True
Is 327083 prime?
False
Is 2652367 prime?
True
Is 21269 a prime number?
True
Is 12509 prime?
False
Is 20697 a prime number?
False
Is 18329 composite?
False
Is 3340043 a prime number?
False
Is 2857 composite?
False
Is 472907 composite?
False
Is 7121 composite?
False
Is 3389 prime?
True
Is 7099 composite?
True
Is 1472333 a prime number?
True
Is 2726441 prime?
True
Is 32771 composite?
False
Is 230977 prime?
True
Is 69109 a prime number?
True
Is 1249 a prime number?
True
Is 4227 a prime number?
False
Is 18217 composite?
False
Is 982687 prime?
True
Is 1973 prime?
True
Is 3639 composite?
True
Is 78583 composite?
False
Is 1949 prime?
True
Is 3491 composite?
False
Is 3883 prime?
False
Is 49729 a composite number?
True
Is 58103 a composite number?
True
Is 129737 prime?
True
Is 2731 a composite number?
False
Is 5941 prime?
False
Is 497 composite?
True
Is 2929 a composite number?
True
Is 50537 a prime number?
False
Is 1117 a prime number?
True
Is 5353 composite?
True
Is 5779 composite?
False
Is 52691 composite?
False
Is 93523 a composite number?
False
Is 26077 a prime number?
False
Is 406787 prime?
False
Is 403933 prime?
True
Is 54869 a composite number?
False
Is 78409 prime?
False
Is 542747 composite?
False
Is 344362 composite?
True
Is 52993 composite?
True
Is 84857 a prime number?
True
Is 16127 prime?
True
Is 16009 a composite number?
True
Is 787 a prime number?
True
Is 1027391 a composite number?
False
Is 557 a prime number?
True
Is 10411 prime?
False
Is 828349 a composite number?
False
Is 532477 composite?
True
Is 63449 a prime number?
False
Is 88645 a composite number?
True
Is 159235 a composite number?
True
Is 12071 composite?
False
Is 2503 a prime number?
True
Is 1465 a prime number?
False
Is 602081 a composite number?
False
Is 6841 a prime number?
True
Is 139543 a composite number?
True
Is 20171 a composite number?
True
Is 26927 a composite number?
False
Is 32749 a composite number?
False
Is 29147 a composite number?
False
Is 56081 prime?
True
Is 3943 a prime number?
True
Is 55579 prime?
True
Is 8441 prime?
False
Is 117643 a composite number?
False
Is 3501809 a prime number?
True
Is 44617 a composite number?
False
Is 163753 composite?
False
Is 4666 prime?
False
Is 12829 prime?
True
Is 82549 a prime number?
True
Is 596569 a prime number?
True
Is 130461 a composite number?
True
Is 332561 a prime number?
True
Is 441537 composite?
True
Is 37255 composite?
True
Is 368833 a prime number?
True
Is 24223 composite?
False
Is 516427 a prime number?
False
Is 43999 a prime number?
False
Is 2429 a prime number?
False
Is 68539 prime?
True
Is 2309 prime?
True
Is 1973 prime?
True
Is 653311 a prime number?
True
Is 14281 prime?
True
Is 74837 composite?
True
Is 26627 a prime number?
True
Is 463577 a prime number?
False
Is 9337 a composite number?
False
Is 59771 prime?
True
Is 37607 a prime number?
True
Is 1029257 composite?
True
Is 3967 prime?
True
Is 2161 composite?
False
Is 584849 prime?
True
Is 98927 a composite number?
False
Is 84827 composite?
False
Is 778079 a prime number?
True
Is 1159541 prime?
True
Is 57059 prime?
True
Is 31 composite?
False
Is 14591 a composite number?
False
Is 265957 composite?
False
Is 25045 prime?
False
Is 143771 prime?
False
Is 25059 composite?
True
Is 2275477 composite?
False
Is 817 a prime number?
False
Is 3898991 prime?
True
Is 5137 composite?
True
Is 1361 composite?
False
Is 92431 a composite number?
False
Is 53087 composite?
False
Is 758923 a prime number?
False
Is 8327 a composite number?
True
Is 219571 composite?
True
Is 6907 a composite number?
False
Is 10393 composite?
True
Is 26623 a composite number?
True
Is 284519 composite?
True
Is 499 a prime number?
True
Is 21269 a composite number?
False
Is 160795 composite?
True
Is 381 a composite number?
True
Is 46049 prime?
True
Is 457819 a composite number?
True
Is 1795 a composite number?
True
Is 156307 a composite number?
False
Is 23929 a prime number?
True
Is 465701 composite?
False
Is 6979 a composite number?
True
Is 812507 a composite number?
True
Is 95239 a prime number?
True
Is 52397 a prime number?
False
Is 51827 a prime number?
True
Is 4751 composite?
False
Is 1921 prime?
False
Is 20885 a composite number?
True
Is 4873 prime?
False
Is 168941 composite?
True
Is 10559 composite?
False
Is 9377 composite?
False
Is 138347 composite?
True
Is 6899 a composite number?
False
Is 9133 a prime number?
True
Is 1821 composite?
True
Is 398297 a composite number?
True
Is 25495 composite?
True
Is 1733869 a prime number?
True
Is 79877 a composite number?
True
Is 5963 composite?
True
Is 1168619 composite?
False
Is 411 a prime number?
False
Is 2333 a composite number?
False
Is 1361 prime?
True
Is 5485057 a prime number?
True
Is 391861 composite?
False
Is 2459 a prime number?
True
Is 2063 prime?
True
Is 3083 prime?
True
Is 11677 composite?
False
Is 739 composite?
False
Is 66203 a prime number?
False
Is 28181 prime?
True
Is 2935 a composite number?
True
Is 3557 prime?
True
Is 15227 prime?
True
Is 103715 composite?
True
Is 610007 a prime number?
False
Is 58483 prime?
False
Is 141397 a prime number?
True
Is 119863 prime?
False
Is 286105 a composite number?
True
Is 51826 a composite number?
True
Is 585691 a composite number?
False
Is 953 composite?
False
Is 1257359 a composite number?
False
Is 3949 a composite number?
True
Is 136127 a composite number?
True
Is 33997 composite?
False
Is 6349 composite?
True
Is 38833 a prime number?
True
Is 147505 prime?
False
Is 66271 a prime number?
True
Is 14597 a prime number?
False
Is 117163 a composite number?
False
Is 3263 composite?
True
Is 23398 prime?
False
Is 9553 composite?
True
Is 5137 a prime number?
False
Is 1219 a composite number?
True
Is 35263 prime?
False
Is 11906 composite?
True
Is 98243 composite?
True
Is 81071 composite?
False
Is 47018 a prime number?
False
Is 157 composite?
False
Is 4739749 composite?
True
Is 5839 a prime number?
True
Is 566287 a composite number?
True
Is 1061 a composite number?
False
Is 986329 a composite number?
True
Is 48041 a prime number?
False
Is 5977 prime?
False
Is 1472249 prime?
True
Is 4827 composite?
True
Is 4011977 prime?
True
Is 2813 a composite number?
True
Is 379 a composite number?
False
Is 1543 prime?
True
Is 241771 a composite number?
False
Is 960757 a composite number?
True
Is 387271 a composite number?
True
Is 11217 a prime number?
False
Is 2137 composite?
False
Is 202367 prime?
False
Is 99871 a composite number?
False
Is 806803 composite?
True
Is 5779 prime?
True
Is 3427 a composite number?
True
Is 122855 a composite number?
True
Is 42709 a composite number?
False
Is 14821 a prime number?
True
Is 18457 a composite number?
False
Is 17167 a composite number?
False
Is 27271 a prime number?
True
Is 7827 prime?
False
Is 343221 prime?
False
Is 458309 a prime number?
True
Is 969895 prime?
False
Is 2935 composite?
True
Is 1709 prime?
True
Is 45337 prime?
True
Is 1193905 composite?
True
Is 118787 a composite number?
False
Is 2797 composite?
False
Is 4621 prime?
True
Is 2233481 a composite number?
False
Is 124546 composite?
True
Is 106529 prime?
False
Is 2941 a composite number?
True
Is 30183 a composite number?
True
Is 439 a composite number?
False
Is 1609579 composite?
True
Is 1205357 prime?
False
Is 25595 a composite number?
True
Is 14177 prime?
True
Is 409 a composite number?
False
Is 107971 composite?
False
Is 323387 a prime number?
False
Is 1284131 a prime number?
True
Is 4391 a prime number?
True
Is 66281 composite?
True
Is 37585 composite?
True
Is 103067 a prime number?
True
Is 75269 a prime number?
True
Is 37087 a prime number?
True
Is 12323 a prime number?
True
Is 6263 a composite number?
False
Is 1299 a composite number?
True
Is 301319 composite?
False
Is 194009 a composite number?
True
Is 4289 composite?
False
Is 46549 a composite number?
False
Is 239 composite?
False
Is 85915 a composite nu